mon divisor of 204 and 12?
12
What is the greatest common divisor of 6497 and 146?
73
What is the greatest common divisor of 377 and 29?
29
What is the greatest common factor of 38 and 2?
2
What is the highest common factor of 25 and 160?
5
What is the greatest common divisor of 14 and 42?
14
What is the greatest common divisor of 17171 and 77?
77
What is the greatest common divisor of 108 and 1656?
36
What is the highest common factor of 400 and 16?
16
What is the greatest common divisor of 1929 and 6?
3
What is the greatest common divisor of 117 and 6?
3
Calculate the greatest common factor of 20 and 970.
10
Calculate the highest common factor of 232 and 29.
29
What is the greatest common factor of 945 and 90?
45
Calculate the greatest common factor of 5 and 35.
5
What is the greatest common factor of 36 and 4716?
36
Calculate the highest common factor of 592 and 208.
16
What is the highest common factor of 34 and 102?
34
Calculate the highest common factor of 1672 and 3135.
209
Calculate the greatest common factor of 9339 and 44.
11
Calculate the greatest common factor of 381 and 8128.
127
Calculate the highest common divisor of 117 and 3744.
117
What is the greatest common divisor of 4 and 484?
4
Calculate the highest common factor of 252 and 1904.
28
Calculate the greatest common factor of 25 and 6725.
25
What is the greatest common factor of 175 and 3325?
175
Calculate the highest common divisor of 608 and 380.
76
What is the highest common divisor of 76 and 95?
19
What is the highest common factor of 7443 and 9?
9
Calculate the greatest common factor of 9084 and 30.
6
Calculate the greatest common divisor of 120 and 180.
60
Calculate the highest common factor of 28 and 2569.
7
What is the highest common factor of 1235 and 91?
13
Calculate the highest common factor of 592 and 16.
16
What is the greatest common factor of 514 and 5397?
257
What is the highest common divisor of 696 and 56?
8
What is the greatest common divisor of 644 and 805?
161
Calculate the highest common factor of 26 and 234.
26
What is the greatest common divisor of 34 and 374?
34
Calculate the greatest common divisor of 83 and 4897.
83
What is the highest common divisor of 76 and 1216?
76
Calculate the highest common factor of 1830 and 10.
10
Calculate the highest common divisor of 16 and 20.
4
Calculate the highest common divisor of 174 and 232.
58
Calculate the highest common divisor of 496 and 2294.
62
What is the greatest common divisor of 3 and 336?
3
Calculate the highest common factor of 7969 and 26.
13
What is the greatest common divisor of 1232 and 253?
11
Calculate the greatest common factor of 86 and 3096.
86
What is the highest common factor of 11 and 2189?
11
What is the highest common factor of 10 and 2560?
10
Calculate the highest common divisor of 1233 and 81.
9
What is the highest common factor of 38 and 874?
38
Calculate the greatest common factor of 72 and 14238.
18
Calculate the highest common divisor of 24 and 6.
6
Calculate the highest common divisor of 90 and 7335.
45
Calculate the greatest common divisor of 583 and 53.
53
Calculate the highest common divisor of 2 and 54.
2
What is the greatest common divisor of 2988 and 36?
36
Calculate the highest common factor of 1195 and 5.
5
What is the greatest common factor of 28647 and 27?
27
Calculate the greatest common divisor of 378 and 5166.
126
What is the highest common factor of 36 and 1908?
36
Calculate the highest common factor of 1968 and 60.
12
What is the greatest common divisor of 312 and 192?
24
Calculate the greatest common divisor of 2774 and 1241.
73
What is the greatest common divisor of 4200 and 50?
50
Calculate the highest common factor of 736 and 16.
16
Calculate the highest common factor of 140 and 455.
35
Calculate the highest common factor of 1122 and 66.
66
What is the highest common factor of 308 and 7?
7
What is the highest common divisor of 1210 and 440?
110
Calculate the greatest common divisor of 87 and 87.
87
What is the greatest common factor of 999 and 54?
27
Calculate the highest common divisor of 112 and 80.
16
What is the highest common divisor of 25 and 2?
1
What is the greatest common divisor of 50 and 2025?
25
What is the highest common divisor of 11 and 2189?
11
Calculate the greatest common factor of 30 and 240.
30
What is the greatest common factor of 21 and 1491?
21
Calculate the highest common divisor of 620 and 12.
4
Calculate the highest common factor of 99 and 22.
11
Calculate the greatest common factor of 26 and 4355.
13
Calculate the highest common divisor of 7502 and 124.
62
Calculate the highest common divisor of 1164 and 9021.
291
What is the greatest common factor of 15099 and 63?
21
What is the greatest common factor of 17 and 119?
17
Calculate the highest common factor of 68 and 153.
17
What is the greatest common factor of 93 and 14043?
93
Calculate the greatest common divisor of 39700 and 100.
100
What is the highest common divisor of 21022 and 138?
46
What is the greatest common factor of 5390 and 330?
110
Calculate the greatest common divisor of 91 and 819.
91
Calculate the highest common divisor of 100 and 4300.
100
What is the greatest common factor of 58 and 145?
29
What is the highest common divisor of 9 and 261?
9
What is the highest common factor of 1107 and 205?
41
What is the greatest common factor of 341 and 22?
11
What is the highest common divisor of 10 and 4?
2
What is the highest common factor of 24 and 132?
12
Calculate the highest common divisor of 1 and 161.
1
What is the highest common factor of 18 and 2853?
9
What is the greatest common factor of 36 and 225?
9
Calculate the highest common divisor of 925 and 5920.
185
Calculate the highest common factor of 119 and 102.
17
Calculate the greatest common factor of 497 and 112.
7
Calculate the greatest common divisor of 398 and 8.
2
What is the highest common factor of 187 and 1037?
17
What is the greatest common divisor of 70 and 98?
14
What is the highest common factor of 4600 and 200?
200
What is the greatest common factor of 49 and 196?
49
What is the highest common factor of 28 and 36?
4
What is the greatest common divisor of 364 and 406?
14
Calculate the greatest common factor of 7 and 133.
7
What is the greatest common factor of 128 and 96?
32
What is the greatest common factor of 1939 and 21?
7
Calculate the greatest common divisor of 49 and 413.
7
What is the highest common factor of 396 and 2?
2
Calculate the highest common divisor of 1107 and 36.
9
Calculate the highest common divisor of 572 and 22.
22
What is the highest common divisor of 25 and 3?
1
What is the highest common factor of 9 and 182?
1
Calculate the highest common divisor of 112 and 608.
16
What is the highest common divisor of 448 and 84?
28
What is the greatest common divisor of 44 and 3267?
11
What is the greatest common factor of 180 and 420?
60
What is the greatest common divisor of 1 and 1249?
1
Calculate the greatest common divisor of 518 and 14.
14
Calculate the highest common factor of 4 and 43.
1
What is the highest common factor of 595 and 13855?
85
What is the highest common factor of 1045 and 165?
55
What is the highest common factor of 45 and 45?
45
What is the highest common divisor of 4 and 388?
4
What is the greatest common divisor of 2603 and 19?
19
What is the greatest common divisor of 3497 and 1614?
269
Calculate the greatest common divisor of 15 and 5.
5
What is the highest common factor of 42 and 3360?
42
Calculate the highest common factor of 55125 and 105.
105
What is the greatest common factor of 36 and 116?
4
Calculate the highest common divisor of 442 and 260.
26
What is the highest common factor of 901 and 51?
17
Calculate the highest common factor of 808 and 24.
8
What is the highest common factor of 1029 and 462?
21
Calculate the greatest common divisor of 7 and 2051.
7
Calculate the highest common factor of 16 and 864.
16
What is the greatest common factor of 328 and 410?
82
Calculate the greatest common factor of 429 and 66.
33
Calculate the highest common divisor of 4056 and 24.
24
What is the greatest common factor of 8244 and 12?
12
What is the highest common factor of 20 and 5055?
5
Calculate the greatest common divisor of 495 and 33.
33
What is the greatest common 